s y(45)?
-34
Let f(j) = j**2 - 158698*j + 476087. Determine f(3).
2
Let d(i) = 4*i**2 - 2909*i + 42837. Determine d(15).
102
Let v(u) = -113*u**3 - 905*u**2 - 66*u - 471. What is v(-8)?
-7
Let q(f) = f**3 - 163*f**2 - 1356*f - 2610. Determine q(171).
-558
Let p(u) = -28395*u + 16554277. Calculate p(583).
-8
Let t(p) = -2334*p - 160409. Give t(-69).
637
Let k(n) = -146*n**2 + 3204*n - 8. What is k(22)?
-184
Let b(z) = -108*z - 180. What is b(5)?
-720
Let k(m) = -m**3 + 94*m**2 + 384*m + 918. Give k(98).
134
Let d(u) = 2*u**2 + 6285*u + 235944. Calculate d(-38).
2
Let o(w) = 1944*w + 34954. Give o(-18).
-38
Let s(r) = 416*r - 11185. Give s(27).
47
Let k(b) = 3*b**3 - 157*b**2 + 1642*b + 147. What is k(38)?
451
Let n(q) = -990*q - 8914. Give n(-9).
-4
Let n(h) = -3040*h + 231041. Calculate n(76).
1
Let r(s) = -1851*s + 11106. Give r(5).
1851
Let t(j) = -51*j + 1071. Give t(-8).
1479
Let z(y) = -2*y**2 - 78*y + 5170. Calculate z(-76).
-454
Let g(p) = -10*p**2 - 73*p + 45. Calculate g(-13).
-696
Let t(g) = -763*g + 2410. Give t(4).
-642
Let a(l) = 68627*l + 274792. Determine a(-4).
284
Let z(v) = -1396*v - 206569. Determine z(-148).
39
Let c(q) = 110441*q + 331324. What is c(-3)?
1
Let r(y) = 4*y**3 - 112*y**2 - 983*y + 27529. What is r(28)?
5
Let s(k) = 3*k**3 - 148*k**2 - 96*k + 2. What is s(50)?
202
Let l(h) = -770081*h - 85478989. Give l(-111).
2
Let k(d) = 5544*d - 33671. Calculate k(6).
-407
Let s(f) = 14709*f + 44262. Calculate s(-3).
135
Let u(h) = h**2 + 792*h + 117600. Calculate u(-594).
-12
Let b(d) = 40*d**3 - 32438*d**2 - 1621*d - 812. Determine b(811).
-1
Let f(j) = -j**3 + 143*j**2 + 191*j - 67280. Determine f(141).
-587
Let m(r) = r**2 - 145*r + 2753. Calculate m(20).
253
Let n(o) = 2*o**2 - 702*o + 626. Calculate n(354).
2750
Let g(s) = -6*s**3 + 380*s**2 - 231*s + 6620. What is g(63)?
5
Let o(a) = -2*a**3 - 226*a**2 - 225*a - 193. Calculate o(-112).
-81
Let b(f) = -f**3 - 61*f**2 + 235*f - 1205. Calculate b(-66).
5065
Let h(t) = t**3 + 1300*t**2 - 11799*t + 151. Calculate h(9).
-11
Let u(o) = -34824*o + 905356. Give u(26).
-68
Let p(w) = 14365*w + 5516153. Calculate p(-384).
-7
Let x(d) = 477*d**3 - 2391*d**2 - 14*d + 9. Calculate x(5).
-211
Let i(g) = g**2 - 130*g - 7511. What is i(-47)?
808
Let s(o) = -o**2 + 248*o - 12349. Determine s(179).
2
Let k(x) = -14*x**3 - 3*x**2 - 160*x + 164. What is k(1)?
-13
Let z(x) = -26*x**2 - 1596*x + 18605. What is z(10)?
45
Let k(r) = -3*r**3 + 1734*r**2 - 2*r + 760. Calculate k(578).
-396
Let o(y) = -2*y**3 + y**2 - 647*y - 1299. What is o(-2)?
15
Let s(a) = -3*a**3 + 1453*a**2 + 1206*a - 114462. Determine s(485).
-2
Let x(f) = -f**3 + 39*f - 44. Give x(-9).
334
Let h(s) = -s**3 + 72*s**2 - 191*s - 5601. Determine h(68).
-93
Let f(r) = 10*r**2 - 16887*r - 101384. Determine f(-6).
298
Let t(z) = -14552*z + 320229. Give t(22).
85
Let k(p) = -400*p**2 + 4446*p - 479. Determine k(11).
27
Let o(k) = 3*k**2 - 494*k - 36243. Give o(-55).
2
Let m(y) = -45*y**2 + 752*y - 1148. Determine m(15).
7
Let a(m) = -5*m**2 - 1435*m - 79507. Calculate a(-212).
-7
Let j(f) = -10*f**2 + 697*f - 3404. Determine j(65).
-349
Let b(l) = l**3 - 39*l**2 + 239*l - 7618. What is b(38)?
20
Let v(q) = -2*q**2 + 220*q - 4802. Give v(26).
-434
Let w(f) = 10*f**3 + 14*f**2 + 64*f + 331. Give w(-6).
-1709
Let y(p) = -428*p**3 + 30*p**2 - 44*p + 18. Give y(1).
-424
Let r(p) = -p**3 + 75*p**2 - 83*p + 230. Determine r(74).
-436
Let m(c) = -c**3 + 33*c**2 + 28*c - 3534. What is m(30)?
6
Let b(y) = 16342*y + 147092. Determine b(-9).
14
Let n(s) = 1508511*s - 1508531. What is n(1)?
-20
Let k(x) = -574*x - 3662. Calculate k(-6).
-218
Let v(h) = 45*h**2 + 21*h - 51. Calculate v(4).
753
Let s(g) = 5*g**2 - 22*g - 30279. Give s(80).
-39
Let r(t) = 1048*t + 1974. What is r(-2)?
-122
Let g(o) = -2*o**3 - 1267*o**2 - 54*o + 366523. Determine g(-633).
16
Let u(n) = -n**3 + 19*n**2 + 3324*n + 175. Give u(68).
-369
Let l(n) = 2867*n - 68690. Determine l(24).
118
Let t(n) = -13023*n - 2448300. Determine t(-188).
24
Let m(h) = -14*h**2 + 969*h + 1949. Determine m(-2).
-45
Let d(n) = 28*n**3 - 1008*n**2 - 36*n + 1352. Calculate d(36).
56
Let z(c) = -c**3 - 206*c**2 - 844*c - 47427. Give z(-203).
278
Let r(c) = 4*c**2 + 1215*c - 58035. Calculate r(42).
51
Let h(l) = 47137*l + 10700114. Determine h(-227).
15
Let w(x) = -248*x - 25327. What is w(-102)?
-31
Let n(q) = 38*q**3 + 4*q**2 + 12*q + 13. Calculate n(-3).
-1013
Let i(w) = -w**2 + 231*w - 7136. Calculate i(195).
-116
Let p(f) = 741*f + 15628. Calculate p(-16).
3772
Let w(t) = 2174*t - 37222. Give w(17).
-264
Let k(n) = n**3 + 4660*n**2 - 37343*n - 12. Give k(8).
-4
Let v(w) = -10*w**2 + 221*w - 3765. Give v(16).
-2789
Let s(o) = 1342*o - 271043. What is s(202)?
41
Let b(v) = 3*v**3 - 53*v**2 + 848*v - 4363. Calculate b(7).
5
Let o(t) = 92*t**3 + 1748*t**2 - 227*t - 4298. Give o(-19).
15
Let w(b) = b**3 + 445*b**2 - 512*b - 29390. Calculate w(-446).
46
Let p(y) = -8*y**3 + 549*y**2 - 279*y - 4173. What is p(68)?
-25
Let a(l) = -2*l**3 - 18*l**2 - 51*l - 314. Calculate a(-8).
-34
Let k(p) = 3*p**2 - 1505*p - 18314. Determine k(-12).
178
Let z(o) = -o**3 - 666*o**2 - 497*o + 111694. Give z(-665).
-26
Let g(d) = -d**3 + 19*d**2 - 43*d - 50. Give g(5).
85
Let n(x) = -2*x**3 + 63*x**2 - 85*x + 1450. What is n(31)?
-224
Let o(j) = -1852*j - 11024. Give o(-6).
88
Let u(n) = n**3 - 22*n**2 + 286*n - 4635. Calculate u(19).
-284
Let x(i) = -4*i**3 + 49*i**2 - 14*i - 25. Calculate x(13).
-714
Let j(m) = m**3 - 131*m**2 + 192*m - 8025. What is j(130)?
35
Let y(g) = 29065*g - 116400. Give y(4).
-140
Let n(i) = 4*i**3 + 151*i**2 - 86*i - 2874. What is n(-38)?
-1050
Let x(u) = -489*u + 25233. Determine x(52).
-195
Let m(q) = 322*q**2 + 2377*q - 8. Calculate m(-7).
-869
Let r(j) = -5593*j + 16938. Give r(3).
159
Let t(i) = -966*i**2 - 1447*i - 1449. What is t(-1)?
-968
Let v(y) = -69*y**2 - 3447*y - 35. Calculate v(-50).
-185
Let d(s) = -s**3 + 853*s**2 - 840*s - 10229. Calculate d(852).
-5
Let a(s) = 12576*s + 11841. Give a(-1).
-735
Let s(b) = -b**3 + 10*b**2 + 63*b + 52. Determine s(9).
700
Let g(v) = v**2 - 209*v - 2200. What is g(-10)?
-10
Let l(j) = j**3 - 44*j**2 + 12*j + 1425. Give l(43).
92
Let g(n) = -149547*n + 747612. Determine g(5).
-123
Let q(y) = 535*y - 204892. Give q(383).
13
Let v(a) = -3*a**2 - 4858*a - 33936. Determine v(-7).
-77
Let z(v) = -70*v**2 - 1747*v + 24. Give z(-25).
-51
Let q(s) = -3797*s - 175048. Give q(-46).
-386
Let d(s) = -22*s**3 + 4460*s**2 + 4458*s - 2. Give d(-1).
22
Let v(a) = -1320*a**2 + 14493*a + 225. What is v(11)?
-72
Let n(s) = -s**2 - 327*s - 5225. Determine n(-305).
1485
Let o(i) = -i**3 + 30*i**2 + 2617*i - 1982. Give o(68).
262
Let x(b) = 121*b**2 + 87*b - 12. Calculate x(-2).
298
Let l(c) = -9*c**3 - 4777*c**2 + 1039*c - 12184. What is l(-531)?
29
Let k(z) = -z**3 + 3031*z**2 - 68868*z - 950540. Calculate k(3008).
-12
Let a(z) = 22*z**2 - 413*z + 23. Give a(19).
118
Let n(f) = -12339*f + 2640550. Determine n(214).
4
Let t(y) = 64*y + 1441. What is t(-27)?
-287
Let q(c) = -20*c**2 - 5670*c + 20073. Calculate q(-287).
-17
Let y(r) = r**3 - 18*r**2 + 44*r - 156. Give y(9).
-489
Let z(x) = -1586*x**2 - 144325*x + 97. Calculate z(-91).
6
Let f(b) = -28*b**2 + 1369*b + 4107. What is f(-3)?
-252
Let q(w) = 2*w**2 - 5365*w + 64104. What is q(12)?
12
Let o(d) = d**3 - 1040*d**2 - 5187*d + 197. Determine o(-5).
7
Let u(h) = -h**2 + 188478*h + 2073364. Give u(-11).
-15
Let u(i) = i**3 + 42*i**2 - 100*i - 557. What is u(-44)?
-29
Let h(g) = 65189*g - 13559306. Determine h(208).
6
Let k(h) = -h**3 - 7*h**2 + 1613*h - 17582. Determine k(13).
7
Let i(h) = -3615*h - 11185. What is i(-3)?
-340
Let f(o) = -281*o + 3186. Determine f(20).
-2434
Let a(q) = -12*q**2 - 127*q - 624. Calculate a(-5).
-289
Let z(q) = -60658*q + 788583. Calculate z(13).
29
Let r(v) = -40*v + 2289. Calculate r(48).
369
Let i(p) = -187788*p - 375594. Calculate i(-2).
-18
Let z(m) = m**3 - 283*m**2 + 4625*m - 1480579. Calculate z(285).
-4
Let r(t) = 2734*t - 235. Give r(0).
-235
Let u(y) = -55*y**3 + 106*y**2 + 318*y - 16. What is u(-3)?
1469
Let r(g) = -25*g**2 - 4752*g - 468. Calculate r(-190).
-88
Let k(v) = -174*v + 26939. Give k(150).
839
Let m(j) = -12675*j - 380311. What is m(-30)?
-61
Let 